the prime factors of 28569?
3, 89, 107
What are the prime factors of 1804?
2, 11, 41
What are the prime factors of 3920?
2, 5, 7
List the prime factors of 3734.
2, 1867
What are the prime factors of 87489?
3, 9721
List the prime factors of 891.
3, 11
What are the prime factors of 2185?
5, 19, 23
List the prime factors of 2838.
2, 3, 11, 43
List the prime factors of 83436.
2, 3, 17, 409
List the prime factors of 453.
3, 151
What are the prime factors of 841?
29
What are the prime factors of 77187?
3, 11, 2339
List the prime factors of 17657.
17657
List the prime factors of 18700.
2, 5, 11, 17
List the prime factors of 4433.
11, 13, 31
List the prime factors of 15275.
5, 13, 47
What are the prime factors of 53028?
2, 3, 491
List the prime factors of 3020.
2, 5, 151
List the prime factors of 50037.
3, 13, 1283
What are the prime factors of 178?
2, 89
List the prime factors of 1993.
1993
List the prime factors of 5802.
2, 3, 967
List the prime factors of 2917.
2917
List the prime factors of 2019.
3, 673
What are the prime factors of 9964?
2, 47, 53
List the prime factors of 93024.
2, 3, 17, 19
What are the prime factors of 71771?
7, 10253
List the prime factors of 9622.
2, 17, 283
What are the prime factors of 128915?
5, 19, 23, 59
What are the prime factors of 2640?
2, 3, 5, 11
What are the prime factors of 183481?
17, 43, 251
What are the prime factors of 19274?
2, 23, 419
What are the prime factors of 6071?
13, 467
List the prime factors of 1191.
3, 397
List the prime factors of 5275.
5, 211
What are the prime factors of 13718?
2, 19
What are the prime factors of 1619?
1619
List the prime factors of 3559.
3559
What are the prime factors of 3972?
2, 3, 331
What are the prime factors of 1053?
3, 13
What are the prime factors of 27758?
2, 13879
List the prime factors of 77372.
2, 23, 29
What are the prime factors of 9707?
17, 571
List the prime factors of 2632.
2, 7, 47
What are the prime factors of 444?
2, 3, 37
List the prime factors of 4121.
13, 317
List the prime factors of 11264.
2, 11
List the prime factors of 6550.
2, 5, 131
What are the prime factors of 1032?
2, 3, 43
List the prime factors of 10414.
2, 41, 127
List the prime factors of 1015.
5, 7, 29
What are the prime factors of 10744?
2, 17, 79
List the prime factors of 10483.
11, 953
What are the prime factors of 12010?
2, 5, 1201
What are the prime factors of 42192?
2, 3, 293
List the prime factors of 12927.
3, 31, 139
What are the prime factors of 344?
2, 43
List the prime factors of 13748.
2, 7, 491
What are the prime factors of 2441?
2441
What are the prime factors of 3478?
2, 37, 47
List the prime factors of 4935.
3, 5, 7, 47
What are the prime factors of 5119?
5119
List the prime factors of 10726.
2, 31, 173
List the prime factors of 3765.
3, 5, 251
What are the prime factors of 11004?
2, 3, 7, 131
List the prime factors of 107.
107
List the prime factors of 640.
2, 5
What are the prime factors of 8632?
2, 13, 83
List the prime factors of 355.
5, 71
List the prime factors of 2835.
3, 5, 7
List the prime factors of 351.
3, 13
What are the prime factors of 330?
2, 3, 5, 11
What are the prime factors of 859?
859
What are the prime factors of 15064?
2, 7, 269
What are the prime factors of 18453?
3, 6151
List the prime factors of 18928.
2, 7, 13
List the prime factors of 102097.
23, 193
What are the prime factors of 6767?
67, 101
What are the prime factors of 125?
5
List the prime factors of 130.
2, 5, 13
What are the prime factors of 15321?
3, 5107
List the prime factors of 5351.
5351
What are the prime factors of 1576?
2, 197
List the prime factors of 2067.
3, 13, 53
List the prime factors of 158972.
2, 11, 3613
List the prime factors of 144928.
2, 7, 647
What are the prime factors of 2013?
3, 11, 61
What are the prime factors of 6551?
6551
What are the prime factors of 11957?
11, 1087
List the prime factors of 24163.
73, 331
What are the prime factors of 5228?
2, 1307
What are the prime factors of 482?
2, 241
What are the prime factors of 3954?
2, 3, 659
List the prime factors of 52915.
5, 19, 557
List the prime factors of 26939.
11, 31, 79
What are the prime factors of 540?
2, 3, 5
List the prime factors of 13511.
59, 229
What are the prime factors of 8952?
2, 3, 373
What are the prime factors of 52?
2, 13
List the prime factors of 4814.
2, 29, 83
List the prime factors of 84238.
2, 7, 11, 547
List the prime factors of 8519.
7, 1217
List the prime factors of 168568.
2, 19, 1109
What are the prime factors of 816?
2, 3, 17
What are the prime factors of 34204?
2, 17, 503
What are the prime factors of 347?
347
What are the prime factors of 203?
7, 29
List the prime factors of 1291.
1291
What are the prime factors of 1201?
1201
What are the prime factors of 880?
2, 5, 11
What are the prime factors of 24408?
2, 3, 113
What are the prime factors of 10895?
5, 2179
What are the prime factors of 12287?
11, 1117
List the prime factors of 168802.
2, 84401
List the prime factors of 6068.
2, 37, 41
What are the prime factors of 46145?
5, 11, 839
List the prime factors of 92942.
2, 46471
What are the prime factors of 83769?
3, 7, 3989
What are the prime factors of 1738?
2, 11, 79
List the prime factors of 5684.
2, 7, 29
List the prime factors of 4959.
3, 19, 29
What are the prime factors of 68771?
68771
List the prime factors of 18356.
2, 13, 353
List the prime factors of 10261.
31, 331
List the prime factors of 4949.
7, 101
List the prime factors of 8144.
2, 509
List the prime factors of 141.
3, 47
List the prime factors of 6075.
3, 5
What are the prime factors of 321?
3, 107
List the prime factors of 398.
2, 199
What are the prime factors of 16157?
107, 151
List the prime factors of 2265.
3, 5, 151
What are the prime factors of 20297?
20297
List the prime factors of 37142.
2, 7, 379
What are the prime factors of 29685?
3, 5, 1979
List the prime factors of 13525.
5, 541
List the prime factors of 54221.
59, 919
What are the prime factors of 25172?
2, 7, 29, 31
What are the prime factors of 398?
2, 199
What are the prime factors of 47547?
3, 587
List the prime factors of 14920.
2, 5, 373
List the prime factors of 88.
2, 11
What are the prime factors of 10493?
7, 1499
List the prime factors of 11358.
2, 3, 631
List the prime factors of 685.
5, 137
What are the prime factors of 34845?
3, 5, 23, 101
What are the prime factors of 1510?
2, 5, 151
List the prime factors of 7473.
3, 47, 53
What are the prime factors of 1895?
5, 379
What are the prime factors of 7565?
5, 17, 89
List the prime factors of 1231.
1231
List the prime factors of 736.
2, 23
What are the prime factors of 209?
11, 19
List the prime factors of 2510.
2, 5, 251
List the prime factors of 95404.
2, 17, 23, 61
List the prime factors of 8738.
2, 17, 257
List the prime factors of 888.
2, 3, 37
What are the prime factors of 22206?
2, 3, 3701
List the prime factors of 872.
2, 109
What are the prime factors of 4570?
2, 5, 457
What are the prime factors of 388?
2, 97
What are the prime factors of 3968?
2, 31
List the prime factors of 19694.
2, 43, 229
List the prime factors of 68.
2, 17
What are the prime factors of 2868?
2, 3, 239
What are the prime factors of 6010?
2, 5, 601
List the prime factors of 643.
643
List the prime factors of 57512.
2, 7, 13, 79
List the prime factors of 13741.
7, 13, 151
List the prime factors of 26991.
3, 2999
List the prime factors of 446.
2, 223
What are the prime factors of 7935?
3, 5, 23
What are the prime factors of 51429?
3, 7, 31, 79
What are the prime factors of 19085?
5, 11, 347
List the prime factors of 502.
2, 251
List the prime factors of 693.
3, 7, 11
List the prime factors of 35783.
11, 3253
List the prime factors of 11149.
11149
What are the prime factors of 50574?
2, 3, 8429
What are the prime factors of 484?
2, 11
List the prime factors of 1458.
2, 3
List the prime factors of 79039.
79039
What are the prime factors of 84339?
3, 9371
List the prime factors of 789.
3, 263
List the prime factors of 2199.
3, 733
List the prime factors of 3137.
3137
What are the prime factors of 2000?
2, 5
List the prime factors of 2205.
3, 5, 7
What are the prime factors of 13544?
2, 1693
List the prime factors of 1559.
1559
What are the prime factors of 7483?
7, 1069
List the prime factors of 6857.
6857
List t